Suppose -w*d = 7*d - 83315. Is d prime?
False
Let f = -1672 + 788. Let x = f - -15787. Is x a prime number?
False
Suppose 2*f = -179138 + 774872. Is f composite?
True
Let q(z) = 6*z + 4. Let x be q(0). Suppose 3*v = -x*o + 20539, -o = 2*v - v - 5136. Is o a composite number?
True
Suppose 11*i - 4*i - 42 = 0. Suppose 0 = 3*x - 2*d - 51235, i*x - 5*d - 68318 = 2*x. Is x composite?
False
Let n(t) = t**2 + 5*t + 1. Let x be 3 - 115/35 - (-26)/(-7). Let b(j) = -3*j - 5. Let d be b(x). Is n(d) prime?
False
Let c = -345 - 67. Let y = c + 1250. Is y a composite number?
True
Let d = 3511007 + -1747710. Is d prime?
True
Suppose -37*i + 6023444 = -4036301. Is i composite?
True
Let b(c) = c**2 + 27169. Let k be b(0). Let f = -19274 + k. Is f prime?
False
Suppose -9*t + 7 = -38. Let f(x) = -41*x + 101*x + 103*x - t*x - 3. Is f(13) composite?
True
Let x(c) = 2841*c**2 + 14*c - 156. Let z(h) = 569*h**2 + 3*h - 31. Let y(o) = -2*x(o) + 11*z(o). Is y(-5) composite?
True
Let s = 296 - 296. Is (4 + s + 3434 + -5)/1 composite?
False
Let o = -25 + -24. Let w = o - -57. Is 60/45*62*6/w a prime number?
False
Suppose -n - 4*n = -218465. Let q = 96120 - n. Suppose -q = -13*g - 3196. Is g a composite number?
True
Let m = -58 + 60. Suppose 988 = -2*k + m*u - 148, -2*k + 3*u - 1138 = 0. Let l = k + 799. Is l composite?
False
Suppose 3621775 = 31*n - 9430744. Is n prime?
True
Let s = -867293 + 1263322. Is s prime?
True
Let f be 11 - 51/15 - (-4)/10. Is (-2)/(4/(-5014)) - f/2 a prime number?
True
Let v(o) = 3*o - 1. Let j be v(1). Suppose s - 12 = j*f + f, -3 = -3*f. Suppose -s*n + 124 = -11*n. Is n prime?
True
Let p be 70*(69/(-15) + 5). Suppose 0 = p*z - 4812 - 6808. Is z a prime number?
False
Suppose -5*n - 74*m = -78*m - 244297, 244291 = 5*n - 2*m. Is n composite?
False
Suppose 4*b = -2 + 22. Let h(f) = 63*f - 1. Let n be h(b). Suppose -3*m = 2*x - 643, -x + n = m + 2*m. Is x a prime number?
False
Let n(m) = -37*m - 220. Let y(c) = 42*c + 220. Let l(u) = -3*n(u) - 2*y(u). Is l(7) composite?
False
Suppose 104*q - 60271 = 103*q. Is q a composite number?
False
Suppose -5*y = 5, -y = 5*a - 4*a - 5. Suppose -a*n + 499 = -1019. Let c = n - -298. Is c prime?
False
Let v(p) = 18773*p + 3396. Is v(7) prime?
True
Let m be (-28)/(-49)*(5/2 + 1). Suppose 2*w = -2*g + 4*w + 7736, 0 = m*g - w - 7735. Is g prime?
False
Suppose f + 96 = -4*j - 0*f, -j = 5*f + 43. Let p = -13 - j. Is (490/25)/(4/p) composite?
True
Let b(g) = -162 + 54 + 49 - 112*g + 52. Suppose -2*t - 6 = -0*t. Is b(t) prime?
False
Let m be (11 + -20)*(0 - 2/9). Suppose -m*d + 3*z + 490 = 0, 0 = 4*d + z + 5 - 1013. Is d composite?
False
Let z = 44570 - 1929. Is z a prime number?
True
Suppose d + h + 3 = -4*h, -d + 25 = -2*h. Let o(x) = -69*x - 21. Let k(m) = -35*m - 10. Let j(b) = 7*k(b) - 4*o(b). Is j(d) a composite number?
False
Let q(n) = -741*n**3 - n**2 - 3*n + 3. Let m be q(2). Let f = 11090 + m. Is f prime?
False
Let h = 1563662 - 837039. Is h prime?
True
Let r(n) = 2*n**2 + 21*n + 12. Let b(o) = 3*o - 1. Let l be b(-3). Let p be r(l). Suppose -p*a = -y - 7*a + 454, 466 = y + a. Is y a prime number?
False
Suppose 424 = -9*k + 334. Is (-189)/(-105) - 83092/k composite?
False
Let w be 50 - (-4 + (13 - 4)). Suppose 0*q = -h + 2*q + 3, -5*h - 5*q = -w. Is (2 - -6692)*h/14 composite?
False
Let r(y) = 9*y**2 + 3*y + 6. Let w be r(-11). Let s = -864 + -119. Let v = w - s. Is v a prime number?
False
Suppose 0 = -529*n + 556*n - 2404107. Is n composite?
False
Let c = -123 + 313. Suppose -197*x + c*x = -22141. Is x prime?
True
Let u(k) = 350*k**2 - 57*k - 667. Is u(-12) composite?
False
Suppose 32352 = 4*f + 4*x, 19827 + 4449 = 3*f - 3*x. Let m = -3229 + f. Is m composite?
False
Suppose 60 = 4*x + 4*m, 4*x + m - 1 = 44. Let g be (-15)/x*16/6. Is 10*(-1)/(g/26) a prime number?
False
Is (500/20)/25*621681 composite?
True
Suppose -64056 + 11971 = 5*u. Let x = u + 26988. Is x a prime number?
False
Suppose 5*t = -2*k, 2*k = -3*t + k. Suppose -3*v + 4*v + 292 = t. Let f = v - -707. Is f prime?
False
Is ((-560)/(-1120))/(1/972358 - 0) a prime number?
True
Let y(j) = 820*j + 9. Let r(x) = 34*x**2 + 6*x - 61*x**2 + 5 + 29*x**2. Let z be r(-3). Is y(z) prime?
False
Suppose -21 + 285 = -4*s. Let h = -71 - s. Is h - -6 - (-613 - -1) a composite number?
False
Suppose -13*f + 74338 = 9*f. Suppose 6*n = 59975 + f. Is n a prime number?
True
Let q = 975699 + -582352. Is q a composite number?
True
Let g(y) = -9613*y**3 + 10*y**2 + 11*y + 4. Let q be g(-2). Suppose 11*m + 14193 = q. Is m composite?
True
Let y be -4 - (-68)/18 - 291/27. Let u(h) = h**3 + 14*h**2 - 8*h - 2. Is u(y) composite?
False
Suppose -4*i - 63 = -23. Let b(z) = z**3 + 13*z**2 + 7*z - 5. Let w be b(i). Let y = w - 130. Is y prime?
False
Let z(n) = -n**3 - 14*n**2 - 6*n - 2. Let x be z(-8). Let k be -1141 + (-2)/5*-15. Let y = x - k. Is y composite?
False
Let a(n) = n**2 - n. Let b(t) = 4*t**2 + t - 2. Let r(p) = -2*a(p) + b(p). Let k be r(1). Suppose 7*l = k*l + 1564. Is l a prime number?
False
Suppose 0*m + 71 = -5*m + j, 4*m - 4*j = -44. Let o be (24/10)/6 - (-6606)/m. Let a = o + 862. Is a a prime number?
False
Let y(n) = n**3 + 17*n**2 - 25*n - 12. Let t(d) be the third derivative of d**4/24 - 14*d**3/3 + 2*d**2. Let a be t(11). Is y(a) prime?
False
Let z(a) = 1613*a**3 - 7*a**2 + 15*a - 34. Is z(3) a prime number?
True
Is (-3580)/(-5370)*3/5*4657610/4 prime?
True
Let u(x) = 13*x**2 + 21*x + 12. Let g be u(-13). Suppose -36 = 5*y - 11, -4*y - g = -4*h. Is h a prime number?
True
Let g(r) = 2*r**3 - 26*r**2 - 9*r + 24. Let b(c) = -12*c - 15. Let w be b(-3). Is g(w) prime?
False
Is 1 + 276/(-252) + 46895482/42 composite?
True
Suppose -5*m = -10, 10*j + 3*m = 11*j + 4. Suppose 3*i - 8157 = -j*g, -6*i - g - 10876 = -10*i. Is i prime?
True
Let d(i) = 2*i**3 - 56*i**2 + 20*i + 71. Is d(45) a composite number?
False
Suppose -11*p - 19*p - 1562431 = -13548121. Is p a composite number?
False
Suppose -4*i + 64 + 696 = -5*s, -3*i = 5*s - 535. Is (i/(-20))/(3 + 1972/(-656)) a composite number?
True
Suppose 36*n - 1333613 + 41537 = 0. Let m = n - 11532. Is m prime?
True
Let c(o) = 227*o**3 - 7*o**2 - 23*o - 52. Is c(9) a prime number?
False
Let a = -50 + 85. Suppose 5*x = 4*l + 2502 - a, 2452 = 5*x + l. Suppose 0 = 4*p - 2*p + 3*w - x, -2*w + 749 = 3*p. Is p a composite number?
True
Is 384435 - (-13 + 5 + 2) a composite number?
True
Is 59682 - (-11)/22*22 a composite number?
False
Let t = -259 - -289. Is ((-1949)/(-3))/(10/t) composite?
False
Suppose 161 = -2*o - 207. Let l be 32/(-40) + o/(-5). Is 14781/18 + (-6)/l a composite number?
False
Suppose -4*k - 148753 = -4*w + 1858299, 3*k = 18. Is w prime?
True
Let q be (44/(-6))/((-22)/99). Suppose -r = -4*p - p - q, 0 = -4*p - 12. Is (-83)/(-2 - r/(-10)) a composite number?
True
Let s be (-12)/(-6 + 8) - -305. Suppose 954 = 3*w - t - s, 0 = -t + 4. Is w composite?
False
Suppose 0 = 4*m + 4*g - 192035 + 15827, 0 = -4*g + 20. Is m prime?
False
Let m(j) = -2*j**3 - 6*j**2 + 13*j + 24. Let y be m(-4). Suppose -x + 0*x - 1981 = -2*a, a - y*x - 973 = 0. Is a a composite number?
True
Suppose 4*u - 133869 = -3*m, -76*m + 5*u = -79*m + 133875. Is m prime?
False
Let m be -490 + (5 - (-1 - -1)). Let z = m - -964. Is z a composite number?
False
Let z(u) = -u**2 + 9*u - 4. Let c be z(9). Let b be 8 + 0/(c - -6). Is ((-94)/b)/((-2)/40) a composite number?
True
Suppose 0*o - 2*o = 8, -276 = -4*c + 2*o. Suppose -8*x = -c - 6165. Is x a composite number?
True
Suppose 8*v = -2*o + 10*v + 302, o = -3*v + 163. Let b = 80 - o. Let m = 573 + b. Is m composite?
False
Let f(v) = -v**2 - 6*v + 13. Let h be f(-8). Is (1/3)/((-4)/50436*h) a composite number?
True
Let t = -79420 + 115053. Is t prime?
False
Let a(z) = 717*z**3 + z**2. Let c be a(1). Let v = c - 511. Suppose -55 - v = -u. Is u a composite number?
True
Suppose 2*l - 164500 = -4*b, -b - 4*l = -l - 41135. Suppose b + 94355 = 14*p. Is p a composite number?
False
Let r(v) = 199019*v + 1655. Is r(10) a prime number?
False
Let s(n) be the second derivative of -109*n**3/3 - n**2 - 14*n. Let y be s(2). Let h = y - -1111. Is h composite?
False
Let i(u) = 46*u**2 + 34*u - 24. Let m be i(11). Suppose 146*c = 158*c - m. Is c prime?
False
Suppose 2*r + 3 = -7. Let u be ((-5)/3)/(r/30). Suppose -9332 = -u